 + a + 88. Let d be m(0). What is the highest common factor of 8 and d?
8
Let c = -1 + 12. Let u = 830 + -753. Calculate the highest common factor of u and c.
11
Let a be -10*(14/5 - 4). Let g be (-1 - 0) + -4 + 108. Let d = g - 19. Calculate the highest common divisor of d and a.
12
Suppose l = 4*l. Suppose -3*w + 4*w + 5*v - 27 = l, 5*w = -3*v + 47. What is the highest common divisor of 56 and w?
7
Let j(k) = -10*k. Let h be ((-40)/50)/((-1)/(-5)). Let z be j(h). What is the greatest common factor of 16 and z?
8
Let g(n) = -n + 17. Let v be g(10). Suppose 0 = -5*f + 3*f - 3*w + 11, v = 2*f - w. What is the greatest common factor of 32 and f?
4
Let n(f) = -58*f - 6. Let m be n(-2). Calculate the highest common divisor of m and 22.
22
Let k be ((-8)/(-5) + -2)/(5/(-1900)). Let p(h) = 7*h - 2. Let z be p(3). What is the greatest common factor of z and k?
19
Suppose 0 = 9*m - 13*m + 20. Suppose m*q - 84 = -p - p, 90 = 5*q + 5*p. What is the highest common divisor of q and 144?
16
Let s(g) = 1 - 2 + g + 0*g + 32*g**2. Let c be s(1). Suppose -2 + 10 = 2*p. What is the greatest common factor of p and c?
4
Let z(l) = -l + 10. Let x be z(6). Calculate the highest common divisor of 1 and x.
1
Suppose 2*l - 26 = 4. Calculate the greatest common divisor of 165 and l.
15
Suppose 5*t - 32 = 108. What is the highest common divisor of t and 42?
14
Suppose 6*l - 134 = 202. Calculate the highest common factor of 7 and l.
7
Let u(f) = f**2 - 16. Let l be u(0). Let z = -5 - l. Calculate the highest common divisor of 77 and z.
11
Let g be -1 + 14/18 - 1536/(-108). What is the greatest common factor of 21 and g?
7
Suppose -r + 18 = -2*w, 4*w + 108 - 6 = 5*r. Suppose -64 = -10*h + 46. What is the highest common factor of r and h?
11
Let z = 379 + -197. What is the greatest common factor of z and 26?
26
Let u = -3 - -5. Suppose 0 = -p + 5*j + 14 + 4, -p - 3*j = -u. Let a(q) = -15*q - 3. Let h be a(-5). What is the highest common divisor of h and p?
8
Let g be (-2695)/(-10) + 7 + 1/(-2). Calculate the greatest common factor of g and 12.
12
Let c(r) = -2*r + 1 + 2*r**2 - 2 + 7 - 1. Let a be c(5). Let l(t) = 2*t**2 - 7*t + 3. Let p be l(5). Calculate the highest common divisor of p and a.
9
Let q be (-9)/(-6)*(-10)/(-3). Let d = q + -3. Let n be (-2*d)/(3/(-15)). Calculate the highest common factor of 60 and n.
20
Suppose -14 - 10 = -4*f. Let j(s) = -s**3 - 18*s**2 - 34*s + 22. Let p be j(-16). What is the greatest common factor of f and p?
6
Let t = 157 - 115. Suppose -112 = -6*c + 2*c. Calculate the greatest common divisor of c and t.
14
Let g(y) = 6*y + 3. Let h be g(6). Suppose 2*z - 77 = 5*i, 13 = z - 2*i - 23. What is the greatest common divisor of z and h?
13
Suppose 0 = 5*s + 15, -4*u - 5*s + 601 = -0*u. Let o be 3 - -51 - (-2)/2. Let t = o + u. Calculate the greatest common divisor of t and 19.
19
Let v(q) = -13*q - 3. Let f be v(4). Let j = f - -106. What is the highest common divisor of j and 34?
17
Let v be ((-6)/9)/(4/(-6)). Let g = 4 - v. Suppose 5*y = 3*o + 56, -2*o = g*y - 9 - 17. What is the highest common divisor of 25 and y?
5
Let q = 136 - 94. Calculate the highest common factor of q and 105.
21
Suppose 0 = 4*w + 3*f + 12, 3*w - 2*f = -11 - 15. Let a(p) = -4*p - 1. Let l be a(-1). Let z be (-80)/w*l/2. Calculate the highest common divisor of 50 and z.
10
Let j be 4/(-20)*-82 - 3/(-5). Calculate the highest common factor of 187 and j.
17
Let d(u) be the third derivative of u**5/20 + u**4/8 + u**3/3 - 2*u**2. Let a be d(-3). Calculate the greatest common factor of 20 and a.
20
Let k = 9 - 5. Suppose k*t + 4 = 5*t. Suppose t*w - p = 40 + 47, -5*p = 5*w - 115. What is the highest common factor of w and 2?
2
Let h = 2 + 3. Suppose 0 = -g, -h*g + 3*g + 32 = d. Calculate the highest common factor of 80 and d.
16
Let d be 9/(-12) - 98/8. Let l be (-5 + 3)/2 - d. Suppose -17 = 2*o - 113. Calculate the greatest common divisor of o and l.
12
Let m(o) = o**3 - 4*o**3 - 2*o - o**2 + 0*o**2 - 2. Let d be m(-2). Suppose 0 = -3*w + 10 - 4. Calculate the greatest common divisor of d and w.
2
Suppose -19 - 1 = -5*j. What is the highest common divisor of 4 and j?
4
Suppose -5 = 5*o, 8*i - 7*i + 2*o = 3. Let q be 1*(-8)/6*-3. Suppose -q*r + 132 + 48 = 0. Calculate the greatest common factor of i and r.
5
Let t be (-35)/4*8/(-1). Suppose -8*l + 26 = -54. Calculate the highest common factor of l and t.
10
Suppose -4*s + 53 + 27 = 0. Suppose 6*b - s = 2*b. Calculate the greatest common factor of b and 5.
5
Let j be -14*(0 - (-111)/(-2)). Suppose -t - 771 = -5*t - 3*f, j = 4*t + f. Suppose -r = 2*r - t. Calculate the highest common factor of r and 26.
13
Let z(g) = -g**3 - 7*g**2 - 3*g - 10. Let f be z(-7). Let c = -17 + f. Let i be 7*-1*c/3. Calculate the highest common divisor of 35 and i.
7
Suppose 4*n - 251 = 2*w + 3*w, -w + 65 = n. What is the greatest common factor of 8 and n?
8
Suppose -5*m = 2*j - 6*j + 139, -4*m = -3*j + 104. Suppose 4*a - 30 = -3*d + 27, -5*a + 2*d = -100. What is the greatest common factor of j and a?
18
Suppose 5*k - t - 106 = 0, -2*k + 30 = 3*t - 26. Calculate the greatest common divisor of 22 and k.
22
Let d(c) = -2*c**3 + 11*c**2 + 7*c - 12. Let r be d(5). Calculate the greatest common factor of 60 and r.
12
Suppose -3*y = -5*y + 4. Let l = y + 0. Let s be l/6 + (-447)/(-9). Calculate the greatest common divisor of s and 20.
10
Let w(y) = 4*y**2 - y - 1. Let c be w(2). Let n(x) = 25*x - 2. Let l be n(4). Let u = -33 + l. Calculate the highest common factor of c and u.
13
Let u be 8/44 - (-4)/(-22). Let t(l) = l**2 + l + 98. Let x be t(u). What is the greatest common divisor of 14 and x?
14
Suppose 4*p - r - 102 = 0, 0 = -2*r + 5*r + 6. Suppose -f + 65 = p. Suppose n + 3*n = f. Calculate the highest common divisor of 110 and n.
10
Suppose 0*y + 120 = 3*y. Let k = -9 - -25. What is the highest common divisor of k and y?
8
Suppose 3*k = 18*k - 255. Let i = 26 - -25. Calculate the highest common divisor of i and k.
17
Let n = 42 + -12. Calculate the greatest common factor of n and 210.
30
Suppose -4*b = -8*b + 240. Let p be -6*4/(-8) - -12. Calculate the highest common factor of p and b.
15
Let i(v) = -9*v + 1. Let j be i(-1). Suppose 6*f = j*f - 12. What is the highest common factor of f and 3?
3
Let f = 6 + 14. Calculate the greatest common divisor of 5 and f.
5
Let m(y) = -y**2 + 10*y - 4. Let s be m(8). Let t = -11 + s. Let z be (0 - 0) + 1 + 2. What is the highest common divisor of t and z?
1
Let d be ((-6)/4)/((-12)/168). What is the greatest common divisor of d and 21?
21
Suppose 0 = 7*i - 3*i + 8. Let y(h) = -11*h + 2. Let x be y(i). Let s = 0 - -6. What is the highest common divisor of s and x?
6
Suppose -3*j = 3*f - 330, -j + f = 2*j - 330. Let h = 76 - 66. Calculate the highest common divisor of h and j.
10
Suppose 3*u + 7 = 37. Let s = u + -5. Suppose -4*r = -2*h - 50, 4*h - 17 = 4*r - s*r. Calculate the greatest common factor of r and 39.
13
Suppose 3*q - 1 = -y, 2*q = -3*y - 0 + 10. Suppose -f + 6 = 2. Calculate the greatest common factor of y and f.
4
Let k = 0 + 14. Suppose 0 = -0*h - h. Suppose -7 = -b - h. Calculate the highest common factor of b and k.
7
Let p(r) = r**2 + 9*r + 2. Let l be p(-10). Calculate the greatest common divisor of l and 12.
12
Let o = 60 - 51. Let i be (-20)/9 + 2/9. Let v be 120*(i + 24/o). What is the highest common factor of v and 10?
10
Suppose 2*x + 74 = 4*u, -2*x - 6 = -4*x. Suppose 0 = -5*n + 27 + 13. Suppose n + 7 = 3*d. What is the highest common factor of u and d?
5
Let j = 29 - -6. Let g = 61 - j. Let u = -31 + 96. Calculate the greatest common divisor of g and u.
13
Let k(m) = -4*m - 6. Let o be k(-7). Let v = -11 + o. Calculate the greatest common factor of v and 44.
11
Suppose -o + 16 = 4*b, -11 = -5*o - 2*b + 15. Suppose 2 - o = -2*d, l = -3*d + 6. Let c be 24*7 + (l - 0). Calculate the highest common divisor of 19 and c.
19
Let y = -131 - -179. What is the greatest common factor of 144 and y?
48
Suppose v = 5*k - 3*k + 62, -2*v = 2*k - 136. What is the greatest common divisor of 44 and v?
22
Let h = 18 - 7. Let t(m) = -m**3 + 3*m**2 + 5*m - 4. Let k = -17 - -20. Let d be t(k). What is the greatest common divisor of d and h?
11
Let g be -3 + 9 + -3 + 25. What is the highest common f